 + 136126/(-11344))?
2, 709
What are the prime factors of (-8830 + 0)/(2 + 9 - 13)?
5, 883
Let h = 24984 - -5234. List the prime factors of h.
2, 29, 521
Let c = -70 - -73. Suppose 0 = c*p - 7*p + 132. Let v = 27 + p. List the prime factors of v.
2, 3, 5
Suppose 2*o + 2 = 0, 5*j = 3*j - 4*o + 8. Suppose 4*a - j*a - 484 = 0. Let f = a - -472. List the prime factors of f.
2, 5, 23
Let n(g) = -27*g + 59. Let y(w) = 2*w - 2. Let a(h) = 2*n(h) + 4*y(h). What are the prime factors of a(-10)?
2, 3, 5, 19
Suppose -7*f = 5*f - 50268. Suppose f - 16058 = -11*s. What are the prime factors of s?
13, 83
Let a(i) = 13*i - 28. Suppose 17*t - 200 = 7*t. Suppose -7*c = -t - 22. List the prime factors of a(c).
2, 5
Let v = -342 - -399. List the prime factors of ((-393)/3 - -2)/(v/(-95)).
5, 43
List the prime factors of (4945/(-20))/(-10 - 9867/(-988)).
19, 23, 43
Suppose 18*f - 91*f = -1632864. What are the prime factors of f?
2, 3, 233
Let l(v) = -10*v - 25. Let d be l(-6). Let a = d - -16. Let j = a - 28. What are the prime factors of j?
23
Suppose 3*d = -5*p + 5, 5*d - 2 = 9*d - 2*p. Suppose -s - 1191 + 2128 = d. What are the prime factors of s?
937
Suppose 0 = -4*d + f + 52, 3*d - 3*f + 7 = 55. Let m be (-1)/(((-20)/(-4))/(-65)). Let c = d + m. List the prime factors of c.
5
Let l(h) = -3974*h - 1685. List the prime factors of l(-11).
13, 53, 61
Suppose 3*g + 1917668 = 61*g + 10*g. What are the prime factors of g?
28201
Suppose t - 19 = 5*h, 3*h - h = 5*t - 26. What are the prime factors of (304 + 2)/(2/t)?
2, 3, 17
Let q(l) = 19*l**2 + 3. Let y = -11 + -25. Let f be 45/105 - y/14. What are the prime factors of q(f)?
2, 3, 29
Let d = -5790 + 8867. List the prime factors of d.
17, 181
Let c(i) = 22*i**2 - 44*i - 295. What are the prime factors of c(37)?
5, 5639
Let k(s) = s + 4. Let c(y) = -y - 3. Let v(j) = -2*c(j) - 3*k(j). Let z be v(-14). Suppose -7*p - 79 = -z*p. What are the prime factors of p?
79
Let c = 15100 - 1824. What are the prime factors of c?
2, 3319
Suppose 5 = -10*v - 35. Let p be ((-2)/v)/((-1)/(-2536)*2). Let q = 918 - p. What are the prime factors of q?
2, 71
Suppose 0 = -5*b - 24 - 1, -3*b = 4*n - 197593. What are the prime factors of n?
2, 17, 1453
Suppose 0 = 165*u - 360*u + 128700. What are the prime factors of u?
2, 3, 5, 11
Let v = 7709 - 7016. What are the prime factors of v?
3, 7, 11
Let o be -1 + (3 - (-4 + 1)). Suppose 0 = 7*k - 2*k - 2*n - 825, 4*k = -o*n + 693. Suppose -6*f - k = -617. What are the prime factors of f?
3, 5
Let w = 13 + -29. Let l be w/((-18)/4 + -1 + 5). Let s = l - 24. List the prime factors of s.
2
Suppose 4 = 6*g - 5*g. Let z be -1 - (2 - (3 - g)). List the prime factors of (-5)/(-20) + z/((-16)/255).
2
Suppose 4*t + 700 + 172 = 0. Suppose 0*c = -i + c - 77, -392 = 5*i + 2*c. Let m = i - t. What are the prime factors of m?
2, 5, 7
Suppose -i = -0 - 2, -47 = -a + 5*i. Let m be ((-19)/a)/(1/(-606)). Let u = -34 + m. What are the prime factors of u?
2, 3, 7
Suppose -53*v + 3783 = -50*v. Suppose a - 311 = -4*s, 3*s - 2*s = 4*a - v. What are the prime factors of a?
3, 5, 7
Let p(s) = 14*s**2 - 14*s + 9. Let d be (-3)/(-2) - 95/10. Let l(w) = -4*w - 28. Let h be l(d). List the prime factors of p(h).
3, 59
Suppose -3620463 = -216*p + 2660316 - 1956459. What are the prime factors of p?
2, 5, 7, 11, 13
Let f = 52626 + 220. List the prime factors of f.
2, 26423
Suppose 0 = -4*p + 7*p - 435. Suppose -2*s + p = -57. Let u = -44 + s. What are the prime factors of u?
3, 19
Let g(t) = 18*t + 1 + t**2 - 8 - 6. Let b be g(-16). What are the prime factors of (-830)/(-7) - b/105?
7, 17
What are the prime factors of (-4)/10*438940/(-11 + -6)?
2, 1291
Let h(k) = 84*k**2 + 90*k - 784. What are the prime factors of h(25)?
2, 11, 223
Let f = 103 + 8. Suppose -5*s + 83 = -4*v - 10, 0 = -5*s - 2*v + f. What are the prime factors of s?
3, 7
Let x(t) = t**3 + 2*t**2 + 5*t - 3. Let h be x(3). Let i = 331 + h. What are the prime factors of i?
2, 97
Let f = -8256 - -32400. What are the prime factors of f?
2, 3, 503
Let d = 200 - -65. Let r = d + -137. What are the prime factors of r?
2
Suppose -q = 2*o - 95023, 2*o - 2*q = 41267 + 53783. List the prime factors of o.
2, 7, 1697
Suppose z - 2 = 1. Let t(r) = r**2 - 27*r + 601. Let l be t(22). Suppose 4*k - z = 4*c - l, 0 = -5*c + 2*k + 625. What are the prime factors of c?
127
List the prime factors of (-730)/1022 + (-1757673)/(-21).
2, 41849
Let p(z) = -2950*z + 7522. List the prime factors of p(-6).
2, 12611
Let i(b) = -56*b**3 + 6*b**2 + 13*b - 3. Let o be i(-4). Suppose 100*z - o = 95*z. What are the prime factors of z?
5, 29
Let a be 3/8 - 345/24. Let x(o) = o**2 + 18*o + 61. Let d be x(a). List the prime factors of ((-3)/d)/((-264)/(-265) - 1).
3, 53
Suppose 0 = 2*i - 14*i + 288. List the prime factors of ((-2826)/(-54))/(2*2/i).
2, 157
Suppose 275187 = 5*s - 2*c, 2*s + 31087 = 4*c + 141133. List the prime factors of s.
3, 7, 2621
Suppose -16961 = -4*n + 3*i, -4*n - 113*i = -115*i - 16962. What are the prime factors of n?
4241
Suppose -4*w + 1825 + 143 = 0. Suppose 15*n - w = 828. What are the prime factors of n?
2, 11
Let k be ((-4)/10 + 260/(-100))*-1. Suppose -193 - 73 = -f + 4*g, 4*f = -k*g + 1007. What are the prime factors of f?
2, 127
Suppose 5*n - 21*c + 17*c = 230847, -138486 = -3*n - 5*c. What are the prime factors of n?
3, 11, 1399
Let r = 565 + -817. Let h = -139 - r. List the prime factors of h.
113
Let k be (-7)/(-4) + (-2)/(-8). Suppose -k*w - 2360 = -12*w. What are the prime factors of (w/(-10))/(-2 - (-27)/15)?
2, 59
Let u(y) = y**2 + 3*y - 5. Let q be u(2). Suppose -10*i = -5*i + 10, 3*n = q*i - 182. What are the prime factors of 8/n - 2530/(-16)?
2, 79
Let k(n) = 25*n**3 - 6*n**2 + 12*n + 3. What are the prime factors of k(9)?
2, 3, 5, 7, 17
Let d(n) = -18*n + 57. Let r be (26/4)/((-4)/8). List the prime factors of d(r).
3, 97
List the prime factors of (-2)/(-2)*8*(985 - -979).
2, 491
Let r(f) = -3*f**3 - 23*f**2 - 65*f - 371. List the prime factors of r(-15).
2, 2777
Suppose 2*d - 4769 = 3*o, 11 + 1 = 4*o. Suppose -l + 5*l = -5*j + 3182, -3*l = 5*j - d. What are the prime factors of l?
13, 61
Suppose 7*f - 2*f = 30. Let y(x) = -x**3 - 5*x + 4*x + f*x**3 - 2*x**3. What are the prime factors of y(3)?
2, 3, 13
Suppose -5*k = -3*v - 38605, -3*k + 13644 = 5*v - 9519. What are the prime factors of k?
7, 1103
Let x(z) = z**3 + 2*z**2 - z. Let s be x(2). Suppose 212 = s*l - 1090. What are the prime factors of l?
3, 31
Suppose 0 = 4*l - 153 + 57. Suppose 16*q - 4*q - l = 0. What are the prime factors of ((-13)/q + 6)/((-1)/214)?
107
Suppose 34 = 7*q - 15. What are the prime factors of 142 - (q - (-6 + 7))?
2, 17
Suppose -1449 = -n - 22*n. Let q = 74 - n. What are the prime factors of q?
11
Let h(d) be the first derivative of d**4/12 + 3*d**2 + 18*d - 2. Let g(j) be the first derivative of h(j). List the prime factors of g(-8).
2, 5, 7
Suppose 2*i - 135 = 165. Suppose 149*z + 900 = i*z. Suppose 0 = 8*b - 2*b - z. What are the prime factors of b?
2, 3, 5
Let q be (117/(-26))/(3/(-4)). Suppose -3*a = x - 16 - q, -5*x + 19 = 2*a. Suppose 2*k = 3*i + 232, -k = 4*i - a - 131. List the prime factors of k.
2, 61
Let w(d) be the second derivative of -d**5/20 + 5*d**4/12 + 2*d**3/3 + 11*d**2/2 + 10*d. Let a be w(6). List the prime factors of 93/2*(a + 0)*-2.
3, 31
Let p(g) = g**2 - 15*g + 568. Let w(f) = -f - 39. Let j be w(-39). List the prime factors of p(j).
2, 71
Let t(d) = -11 - 10 + 25 - 37*d. Let u be (-11)/4 - (-3)/(-12). What are the prime factors of t(u)?
5, 23
Let y(s) = 22*s**3 + 2*s**2 + 3*s - 9. Let j be y(3). Suppose -x + j = -515. List the prime factors of x.
7, 23
List the prime factors of 29863 - (6/(-111) + (-2196)/444).
2, 3, 19, 131
Let c(r) = 56700*r + 487. What are the prime factors of c(1)?
13, 53, 83
Suppose 0 = -5*k - 5 + 20. Suppose k*p = -2*p + 1090. Suppose 2*o - 4*w - 250 = -0*o, 4*w - p = -2*o. What are the prime factors of o?
3, 13
Suppose 0 = -i + 2*i + 8. What are the prime factors of -1*(-65)/(-2)*i?
2, 5, 13
Let i = -71 - 189. Let a = 807 - i. List the prime factors of a.
11, 97
Let m = 119 - 119. Suppose m = -8*b + 14*b - 3168. What are the prime factors of b?
2, 3, 11
Let k = -20300 + 37747. What are the prime factors of k?
73, 239
Suppose 